{"id":495,"date":"2022-07-28T18:04:47","date_gmt":"2022-07-28T16:04:47","guid":{"rendered":"https:\/\/etiennelang.com\/?page_id=495"},"modified":"2025-04-17T13:53:16","modified_gmt":"2025-04-17T11:53:16","slug":"articles-dans-le-mtcmag-de-la-fnmtc","status":"publish","type":"page","link":"https:\/\/etiennelang.com\/index.php\/articles-dans-le-mtcmag-de-la-fnmtc\/","title":{"rendered":"MTCmag"},"content":{"rendered":"\n<p>Je publie r\u00e9guli\u00e8rement dans le MTCmag, <strong> la revue trimestrielle de la F\u00e9d\u00e9ration Nationale de M\u00e9decine Traditionnelle Chinoise<\/strong> que vous pourrez consulter sur Calam\u00e9o en cliquant sur le bouton <strong>MTCMag<\/strong> ou en acc\u00e9dant directement au th\u00e8me d\u00e9sir\u00e9 en <strong>cliquant sur ces liens<\/strong> :<\/p>\n\n\n\n<p><strong>L&rsquo;interstitium <em>\u00ab\u00a0et si c\u2019\u00e9tait la Rate ?\u00a0\u00bb  <\/em> <\/strong>                                   MTCMag n\u00b0 61<br><a href=\"https:\/\/www.calameo.com\/read\/0007009646aa0dc3fb60d?trackersource=library\" target=\"_blank\" rel=\"noopener\" title=\"\">https:\/\/www.calameo.com\/read\/0007009646aa0dc3fb60d?trackersource=library<\/a><\/p>\n\n\n\n<p><strong>Le transg\u00e9n\u00e9rationnel en consultation de MTC <\/strong>               MTCMag n\u00b0 62<br><a href=\"https:\/\/www.calameo.com\/read\/00070096445dd82d7ab6c?trackersource=library\" target=\"_blank\" rel=\"noopener\" title=\"\">https:\/\/www.calameo.com\/read\/00070096445dd82d7ab6c?trackersource=library<\/a><\/p>\n\n\n\n<p><strong>Covid long <em>\u00ab\u00a0le ganoderme est efficace !\u00a0\u00bb <\/em>  <\/strong>                           MTCMag n\u00b0 68<br> <a href=\"https:\/\/www.calameo.com\/read\/0007009645c751102dd8c?trackersource=library\" target=\"_blank\" rel=\"noopener\" title=\"\">https:\/\/www.calameo.com\/read\/0007009645c751102dd8c?trackersource=library<\/a><\/p>\n\n\n\n<p><strong>Traitement de l&rsquo;asthme <em>\u00ab\u00a0le point qui arr\u00eate l&rsquo;asthme, retrouvez la m\u00e9thode Gesret \u00ab\u00a0<\/em> <\/strong>    MTCMag  n\u00b0 72<br><a href=\"https:\/\/www.calameo.com\/read\/00070096431cc4fa37326?trackersource=library\" target=\"_blank\" rel=\"noopener\" title=\"\">https:\/\/www.calameo.com\/read\/00070096431cc4fa37326?trackersource=library<\/a><\/p>\n\n\n\n<p><strong>Traitement de l&rsquo;asthme <em>\u00ab\u00a0explication par la neurologie et l\u2019ost\u00e9opathie \u00e9nerg\u00e9tique\u00a0\u00bb<\/em> <\/strong>    MTCMag  n\u00b0 73<br><a href=\"https:\/\/www.calameo.com\/read\/000700964d763fd6a3b7d?trackersource=library\" target=\"_blank\" rel=\"noopener\" title=\"\">https:\/\/www.calameo.com\/read\/000700964d763fd6a3b7d?trackersource=library<\/a><\/p>\n\n\n\n<p><strong>Traitement de l&rsquo;asthme <em>\u00ab\u00a0acupuncture et psychosomatique\u00a0\u00bb<\/em>   <\/strong>                                                     MTCMag n\u00b0 74<br><a href=\"https:\/\/www.calameo.com\/read\/00070096447d3e9392018?trackersource=library\" target=\"_blank\" rel=\"noopener\" title=\"\">https:\/\/www.calameo.com\/read\/00070096447d3e9392018?trackersource=library<\/a><\/p>\n\n\n\n<p><strong>Droitier et gaucher, les lat\u00e9ralit\u00e9 en consultation<\/strong> <strong>   1ere partie<\/strong> MTCMag n\u00b079<br><strong><em>\u00ab\u00a0un aspect tout aussi m\u00e9connu qu&rsquo;important\u00a0\u00bb<\/em><\/strong><br><a href=\"https:\/\/www.calameo.com\/read\/000700964117fe36a71db\" target=\"_blank\" rel=\"noopener\" title=\"\">https:\/\/www.calameo.com\/read\/000700964117fe36a71db<\/a><\/p>\n\n\n\n<p><strong>Droitier et gaucher, les lat\u00e9ralit\u00e9 en consultation<\/strong> <strong>   2ere partie<\/strong> MTCMag n\u00b080<br><strong><em>\u00ab\u00a0ce qu&rsquo;en disent les textes traditionnels\u00a0\u00bb<\/em><\/strong><br><a href=\"https:\/\/www.calameo.com\/books\/000700964b9313f010d7e\" target=\"_blank\" rel=\"noopener\" title=\"\">https:\/\/www.calameo.com\/books\/000700964b9313f010d7e<\/a><\/p>\n\n\n\n<p><strong>Droitier et gaucher, les lat\u00e9ralit\u00e9 en consultation<\/strong> <strong>   3ere partie<\/strong> MTCMag n\u00b082<br><strong><em>\u00ab\u00a0cons\u00e9quence et prise en charge\u00a0\u00bb<\/em><\/strong><\/p>\n\n\n\n<p><\/p>\n\n\n\n<div class=\"wp-block-buttons is-layout-flex wp-block-buttons-is-layout-flex\">\n<div class=\"wp-block-button\"><a class=\"wp-block-button__link wp-element-button\" href=\"https:\/\/www.fnmtc.fr\/presse-et-congres\/mtc-mag\" target=\"_blank\" rel=\"noreferrer noopener\">MTC Mag<\/a><\/div>\n<\/div>\n","protected":false},"excerpt":{"rendered":"<p>Je publie r\u00e9guli\u00e8rement dans le MTCmag, la revue trimestrielle de la F\u00e9d\u00e9ration Nationale de M\u00e9decine Traditionnelle Chinoise que vous pourrez consulter sur Calam\u00e9o en cliquant sur le bouton MTCMag ou en acc\u00e9dant directement au th\u00e8me d\u00e9sir\u00e9 en cliquant sur ces liens : L&rsquo;interstitium \u00ab\u00a0et si c\u2019\u00e9tait la Rate ?\u00a0\u00bb MTCMag n\u00b0 61https:\/\/www.calameo.com\/read\/0007009646aa0dc3fb60d?trackersource=library Le transg\u00e9n\u00e9rationnel en [&hellip;]<\/p>\n","protected":false},"author":1,"featured_media":0,"parent":0,"menu_order":0,"comment_status":"closed","ping_status":"closed","template":"","meta":{"_monsterinsights_skip_tracking":false,"_monsterinsights_sitenote_active":false,"_monsterinsights_sitenote_note":"","_monsterinsights_sitenote_category":0,"footnotes":""},"class_list":["post-495","page","type-page","status-publish","hentry","post"],"aioseo_notices":[],"jetpack-related-posts":[{"id":1054,"url":"https:\/\/etiennelang.com\/index.php\/lateralite\/","url_meta":{"origin":495,"position":0},"title":"Lat\u00e9ralit\u00e9","author":"etiennelang","date":"10 mars 2024","format":false,"excerpt":"Gauchers, droitiers mixtes et ambidextres n'apprennent pas de la m\u00eame fa\u00e7onIls n'ont pas les m\u00eame talents et motivationsPour en savoir plus sur l'Analyse du Sch\u00e9ma de Lat\u00e9ralit\u00e9Cliquez ici","rel":"","context":"Article similaire","block_context":{"text":"Article similaire","link":""},"img":{"alt_text":"","src":"","width":0,"height":0},"classes":[]},{"id":527,"url":"https:\/\/etiennelang.com\/index.php\/consult\/","url_meta":{"origin":495,"position":1},"title":"Consultation","author":"etiennelang","date":"3 d\u00e9cembre 2022","format":false,"excerpt":"L\u2019\u00c9nerg\u00e9tique Traditionnelle Chinoise \u00e0 Mont-Dauphin Fort Dipl\u00f4m\u00e9 du coll\u00e8ge SFERE et titulaire du DATC en 2001, c\u2019est en 2006 que j\u2019ai eu la chance de pouvoir installer mon cabinet en ce lieu magnifique, calme et inspirant qu\u2019est la citadelle de Mont-Dauphin. Un vrai lieu de ressourcement et de nature pourtant\u2026","rel":"","context":"Article similaire","block_context":{"text":"Article similaire","link":""},"img":{"alt_text":"Plaque cabinet","src":"https:\/\/i0.wp.com\/etiennelang.com\/wp-content\/uploads\/2021\/01\/plaque-cabinet.jpg?resize=350%2C200&ssl=1","width":350,"height":200},"classes":[]},{"id":510,"url":"https:\/\/etiennelang.com\/","url_meta":{"origin":495,"position":2},"title":"Accueil","author":"etiennelang","date":"3 d\u00e9cembre 2022","format":false,"excerpt":"Actualit\u00e9 Je suis heureux de vous annoncer une bonne nouvelle !Mon \u00e9tat de sant\u00e9 s'\u00e9tant am\u00e9lior\u00e9, je compte reprendre mon activit\u00e9 \u00e0 temps partiel \u00e0 partir de cet \u00e9t\u00e9.Les prises de rendez-vous devraient \u00eatre possibles \u00e0 partir de la mi-juin pour une reprise d\u00e9but juillet.Je tiens \u00e0 renouveler tous mes\u2026","rel":"","context":"Article similaire","block_context":{"text":"Article similaire","link":""},"img":{"alt_text":"","src":"","width":0,"height":0},"classes":[]},{"id":447,"url":"https:\/\/etiennelang.com\/index.php\/contact\/","url_meta":{"origin":495,"position":3},"title":"Contact","author":"etiennelang","date":"8 janvier 2021","format":false,"excerpt":"Cabinet d\u2019\u00c9nerg\u00e9tique Traditionnelle Chinoise 25 Rue Cabri\u00e9 05600 Mont-Dauphin Attention: \u00e0 partir de la mi-juin et jusqu'au mois de septembre les deux rues principales sont en zone pi\u00e9tonnes, mais vous pouvez vous garer sur le parking de l'Arsenal au bout de ma rue, \u00e0 50 m\u00e8tres du cabinet.En hiver la\u2026","rel":"","context":"Article similaire","block_context":{"text":"Article similaire","link":""},"img":{"alt_text":"","src":"","width":0,"height":0},"classes":[]},{"id":684,"url":"https:\/\/etiennelang.com\/index.php\/les-conferences-ateliers-du-mieux-vivre\/","url_meta":{"origin":495,"position":4},"title":"Les conf\u00e9rences\/ateliers du mieux vivre","author":"etiennelang","date":"4 ao\u00fbt 2023","format":false,"excerpt":"J\u2019ai l\u2019habitude de donner des conf\u00e9rences sur tous les sujets qui me passionnent et sur lesquels j\u2019estime pouvoir transmettre un savoir pratique. En voici un aper\u00e7u... La Gestion des \u00c9motions par les 5 \u00e9l\u00e9ments de la MTC G\u00e9rer honorablement tout les conflits Nous abordons ici la technique de la \u00ab\u00a0lettre\u2026","rel":"","context":"Article similaire","block_context":{"text":"Article similaire","link":""},"img":{"alt_text":"","src":"https:\/\/i0.wp.com\/etiennelang.com\/wp-content\/uploads\/2023\/08\/pexels-dmitriy-tarasenko-17549582-1.jpg?resize=350%2C200&ssl=1","width":350,"height":200},"classes":[]},{"id":436,"url":"https:\/\/etiennelang.com\/index.php\/a-propos-etienne-lang\/","url_meta":{"origin":495,"position":5},"title":"A propos","author":"etiennelang","date":"28 juillet 2022","format":false,"excerpt":"Mentions l\u00e9gales Etienne Lang25 Rue Cabri\u00e9 05600 Mont-DauphinSiret : 408\u00a0 078 939 00027\u00a0N\u00b0adh\u00e9rent FNMTC : 9906LAPR195\u00ab\u00a0Membre d\u2019une Association Agr\u00e9\u00e9e par l\u2019Administration Fiscale, acceptant \u00e0 ce titre le r\u00e8glement des honoraires par ch\u00e8ques libell\u00e9s \u00e0 son nom\u00a0\u00bbActivit\u00e9 sous le Code NAF\/APE 86.90F (Activit\u00e9s de sant\u00e9 humaine non class\u00e9es ailleurs) Ma formation\u2026","rel":"","context":"Article similaire","block_context":{"text":"Article similaire","link":""},"img":{"alt_text":"","src":"https:\/\/i0.wp.com\/etiennelang.com\/wp-content\/uploads\/2023\/09\/Etienne-portrait-souriant-200.300.jpg?resize=350%2C200&ssl=1","width":350,"height":200},"classes":[]}],"jetpack_sharing_enabled":true,"jetpack_likes_enabled":true,"_links":{"self":[{"href":"https:\/\/etiennelang.com\/index.php\/wp-json\/wp\/v2\/pages\/495","targetHints":{"allow":["GET"]}}],"collection":[{"href":"https:\/\/etiennelang.com\/index.php\/wp-json\/wp\/v2\/pages"}],"about":[{"href":"https:\/\/etiennelang.com\/index.php\/wp-json\/wp\/v2\/types\/page"}],"author":[{"embeddable":true,"href":"https:\/\/etiennelang.com\/index.php\/wp-json\/wp\/v2\/users\/1"}],"replies":[{"embeddable":true,"href":"https:\/\/etiennelang.com\/index.php\/wp-json\/wp\/v2\/comments?post=495"}],"version-history":[{"count":12,"href":"https:\/\/etiennelang.com\/index.php\/wp-json\/wp\/v2\/pages\/495\/revisions"}],"predecessor-version":[{"id":1141,"href":"https:\/\/etiennelang.com\/index.php\/wp-json\/wp\/v2\/pages\/495\/revisions\/1141"}],"wp:attachment":[{"href":"https:\/\/etiennelang.com\/index.php\/wp-json\/wp\/v2\/media?parent=495"}],"curies":[{"name":"wp","href":"https:\/\/api.w.org\/{rel}","templated":true}]}}